te number?
False
Is 183026399 prime?
False
Is 234420997 composite?
False
Is 977446 a composite number?
True
Is 36697426 a prime number?
False
Is 7700629 a prime number?
True
Is 100975471 a composite number?
True
Is 323791 composite?
True
Is 6295183 a composite number?
False
Is 22971385 composite?
True
Is 108856019 prime?
False
Is 13855742 composite?
True
Is 7015417 composite?
False
Is 8280247 composite?
False
Is 23489617 composite?
True
Is 6060053 prime?
True
Is 48800849 a composite number?
False
Is 16529599 a prime number?
True
Is 187075133 a prime number?
False
Is 25166177 composite?
False
Is 4813067 a composite number?
True
Is 23538205 a prime number?
False
Is 2921243 a prime number?
False
Is 8341097 a composite number?
True
Is 88694791 a composite number?
False
Is 9960739 composite?
True
Is 42639529 a composite number?
False
Is 3265151 prime?
True
Is 1092983 composite?
True
Is 7214423 a prime number?
True
Is 289739777 composite?
True
Is 4917455 composite?
True
Is 514967 composite?
False
Is 8686703 prime?
True
Is 3807413 composite?
False
Is 213881 composite?
False
Is 2562727 composite?
True
Is 24651629 a prime number?
True
Is 45583303 composite?
False
Is 15300899 composite?
False
Is 16214119 composite?
False
Is 450453 a composite number?
True
Is 5754467 a composite number?
False
Is 18120593 prime?
False
Is 86656589 a prime number?
True
Is 55367981 composite?
False
Is 437729 prime?
True
Is 310619 composite?
True
Is 11116211 a prime number?
False
Is 62383 a prime number?
True
Is 499987 prime?
False
Is 22776427 a composite number?
False
Is 71684737 a composite number?
False
Is 81188155 prime?
False
Is 15897851 composite?
True
Is 5759903 a composite number?
False
Is 8770547 prime?
True
Is 3139639 a prime number?
True
Is 87850201 a prime number?
True
Is 3574159 composite?
True
Is 73201897 prime?
True
Is 28145351 composite?
True
Is 2438453 a prime number?
True
Is 15956543 composite?
True
Is 406481 composite?
False
Is 131181023 a prime number?
False
Is 39391327 prime?
True
Is 14907359 composite?
True
Is 159820127 a prime number?
True
Is 435343 a composite number?
False
Is 3850601 composite?
True
Is 21884271 a composite number?
True
Is 6034957 composite?
False
Is 5507893 a composite number?
False
Is 36213185 a prime number?
False
Is 25771079 a composite number?
True
Is 83876587 a prime number?
True
Is 52651 composite?
True
Is 24996353 prime?
False
Is 45033671 a prime number?
True
Is 38237561 a prime number?
True
Is 1408317 prime?
False
Is 2539871 a composite number?
False
Is 117527437 prime?
False
Is 5016229 composite?
False
Is 15632753 prime?
True
Is 5708971 composite?
False
Is 726931 a prime number?
False
Is 272723 composite?
True
Is 5356607 a prime number?
True
Is 278345553 composite?
True
Is 10068523 prime?
True
Is 1277173 prime?
False
Is 49012567 a prime number?
False
Is 1098291 a prime number?
False
Is 67916101 a composite number?
True
Is 89447209 a prime number?
True
Is 364730713 a prime number?
True
Is 280751 prime?
True
Is 7303053 composite?
True
Is 2254562 a composite number?
True
Is 13226861 a composite number?
False
Is 2339 composite?
False
Is 35688011 composite?
False
Is 526807 prime?
False
Is 737027 a composite number?
True
Is 27322201 prime?
True
Is 3127079 a composite number?
False
Is 17505539 a prime number?
True
Is 51481093 prime?
True
Is 53343359 composite?
False
Is 9875893 composite?
False
Is 161723054 a prime number?
False
Is 4172345 prime?
False
Is 130958731 a composite number?
False
Is 2194067 a prime number?
False
Is 271600909 a prime number?
False
Is 303013973 a composite number?
False
Is 9670363 a prime number?
True
Is 203998121 prime?
True
Is 1847991 composite?
True
Is 147457913 prime?
False
Is 98965073 composite?
False
Is 9975305 prime?
False
Is 1897881 prime?
False
Is 187654 prime?
False
Is 10772207 composite?
False
Is 1025251 a composite number?
True
Is 11116349 a composite number?
True
Is 473129081 prime?
True
Is 44929 a composite number?
True
Is 19754143 composite?
False
Is 122495867 a composite number?
True
Is 5159111 composite?
False
Is 97341641 prime?
True
Is 249619 a prime number?
False
Is 75705061 prime?
True
Is 16869773 a prime number?
False
Is 56896363 composite?
True
Is 1607453 prime?
False
Is 8095177 prime?
True
Is 17100869 prime?
True
Is 100109983 prime?
True
Is 10755259 a prime number?
False
Is 212000911 a composite number?
True
Is 14722439 composite?
False
Is 201580877 composite?
True
Is 2596849 a prime number?
True
Is 5891203 prime?
True
Is 16576913 a composite number?
True
Is 2731139 a prime number?
False
Is 2982689 a prime number?
True
Is 7359267 composite?
True
Is 453236101 composite?
True
Is 185117495 prime?
False
Is 134636849 prime?
False
Is 10408469 prime?
True
Is 4832489 a prime number?
True
Is 16532621 prime?
False
Is 52828063 a prime number?
False
Is 10771991 prime?
True
Is 73280335 composite?
True
Is 516247 composite?
False
Is 9389603 composite?
False
Is 763699 prime?
True
Is 3688301 composite?
False
Is 4628699 prime?
True
Is 247799 a composite number?
False
Is 57648727 prime?
False
Is 13017049 a prime number?
False
Is 6385537 a prime number?
True
Is 110404691 prime?
False
Is 23308267 composite?
True
Is 13211387 a composite number?
True
Is 40573061 a composite number?
True
Is 315427393 a composite number?
True
Is 1153121 composite?
True
Is 7123 prime?
False
Is 62178679 composite?
True
Is 2755457 prime?
False
Is 3593159 a prime number?
False
Is 324839 a composite number?
False
Is 245691671 composite?
False
Is 46807 a prime number?
True
Is 233320897 composite?
False
Is 781213289 a composite number?
False
Is 1134857 a composite number?
True
Is 1615153 a prime number?
False
Is 995278499 a prime number?
True
Is 935381441 prime?
False
Is 1498681 a prime number?
False
Is 11274719 composite?
False
Is 27256387 a composite number?
False
Is 21186809 composite?
True
Is 7173291 prime?
False
Is 905053 a composite number?
False
Is 58878979 a prime number?
True
Is 246054871 a composite number?
True
Is 6163513 a composite number?
True
Is 3713561 composite?
False
Is 59705729 a composite number?
False
Is 936677 composite?
True
Is 210434677 a composite number?
False
Is 37432819 a composite number?
False
Is 567737615 composite?
True
Is 2035499 a composite number?
True
Is 48363809 composite?
True
Is 4549841 prime?
True
Is 5039339 a prime number?
False
Is 45187271 a composite number?
True
Is 163056203 a composite number?
True
Is 1742939 composite?
True
Is 6425141 prime?
False
Is 579529 a prime number?
True
Is 743864503 a composite number?
False
Is 194428079 a prime number?
True
Is 104723 composite?
False
Is 15548363 a composite number?
False
Is 179811961 composite?
True
Is 14070983 a prime number?
True
Is 10331219 composite?
False
Is 504923 composite?
True
Is 78673 a composite number?
True
Is 807188087 a prime number?
True
Is 59690755 a composite number?
True
Is 42620503 prime?
False
Is 1641131 a composite number?
False
Is 25752554 prime?
False
Is 5818289 prime?
True
Is 2816633 a composite number?
False
Is 478808273 prime?
False
Is 49800931 a composite number?
False
Is 61707647 a prime number?
False
Is 44246491 prime?
True
Is 102005537 prime?
True
Is 15103357 prime?
False
Is 5195893 a composite number?
True
Is 28677071 prime?
False
Is 6045853 prime?
False
Is 364935199 a composite number?
False
Is 1805829599 a prime number?
False
Is 14303573 a prime number?
True
Is 77329927 a prime number?
True
Is 51243749 prime?
True
Is 747977 prime?
True
Is 488418949 prime?
False
Is 4737827 a prime number?
True
Is 172764379 composite?
False
Is 7310273 composite?
True
Is 1241503 a prime number?
False
Is 1413143 composite?
True
Is 2243333 a composite number?
False
Is 292970053 composite?
False
Is 48998123 prime?
False
Is 25838301 prime?
False
Is 14459729 a prime number?
True
Is 65347259 a prime number?
True
Is 131156843 a composite number?
False
Is 10280027 a composite number?
False
Is 6325181 a prime number?
False
Is 4956139 a composite number?
False
Is 42412913 prime?
True
Is 3959639 composite?
True
Is 18344167 a composite number?
False
Is 14185294 prime?
False
Is 10410627 prime?
False
Is 2793127 a composite number?
True
Is 109799 a composite number?
True
Is 408279 prime?
False
Is 3218837 prime?
True
Is 543020839 composite?
Fal